03118315.
3, 5, 13541221
What are the prime factors of 76772114?
2, 23, 37, 43, 1049
What are the prime factors of 1582726496?
2, 13, 61, 97, 643
List the prime factors of 76919571.
3, 29, 193, 509
List the prime factors of 49158528.
2, 3, 313, 409
What are the prime factors of 454639447?
41, 11088767
What are the prime factors of 1882430989?
1882430989
What are the prime factors of 275552165?
5, 7, 7872919
What are the prime factors of 3205821634?
2, 317, 5056501
List the prime factors of 4712504183.
4712504183
List the prime factors of 119351898.
2, 3, 6630661
List the prime factors of 8183696.
2, 97, 5273
What are the prime factors of 2077909940?
2, 5, 937, 110881
What are the prime factors of 16903012?
2, 7, 603679
List the prime factors of 628773.
3, 31, 6761
What are the prime factors of 1615523?
7, 13, 41, 433
What are the prime factors of 291690675?
3, 5, 17, 76259
List the prime factors of 654199948.
2, 23, 79, 90011
List the prime factors of 45675637.
7, 311, 20981
List the prime factors of 101745212.
2, 25436303
What are the prime factors of 45288393?
3, 15096131
List the prime factors of 168776049.
3, 13, 41, 59, 1789
List the prime factors of 671102704.
2, 41943919
What are the prime factors of 45858145?
5, 31, 191, 1549
What are the prime factors of 283675503?
3, 47, 1321, 1523
What are the prime factors of 1299511522?
2, 97, 313, 21401
What are the prime factors of 64967623?
7, 61, 233, 653
What are the prime factors of 91096199?
47, 1938217
What are the prime factors of 202526605?
5, 19, 2131859
What are the prime factors of 143474106?
2, 3, 23912351
List the prime factors of 304132648.
2, 389, 97729
What are the prime factors of 4878265659?
3, 367, 839, 5281
What are the prime factors of 159098225?
5, 11, 13, 191, 233
What are the prime factors of 197689831?
139, 1422229
List the prime factors of 98894726.
2, 7, 829, 8521
What are the prime factors of 177309062?
2, 7, 53, 197, 1213
What are the prime factors of 769270041?
3, 9497161
What are the prime factors of 235050143?
17, 659, 20981
What are the prime factors of 7154710?
2, 5, 89, 8039
List the prime factors of 627150562.
2, 313575281
What are the prime factors of 1153438895?
5, 7, 29, 1136393
List the prime factors of 280374993.
3, 10384259
What are the prime factors of 51765216?
2, 3, 151, 3571
What are the prime factors of 69186818?
2, 37, 101, 9257
What are the prime factors of 195815951?
23, 37, 230101
What are the prime factors of 370168538?
2, 185084269
List the prime factors of 8463324705.
3, 5, 11, 929, 55213
What are the prime factors of 1332230351?
313, 4256327
What are the prime factors of 178243056?
2, 3, 31, 39929
List the prime factors of 2805790496.
2, 19, 71, 64997
List the prime factors of 1715864463.
3, 190651607
What are the prime factors of 150964756?
2, 223, 169243
What are the prime factors of 725528337?
3, 79, 3061301
What are the prime factors of 84813151?
251, 337901
What are the prime factors of 2947182422?
2, 5849, 251939
List the prime factors of 1537357774.
2, 768678887
What are the prime factors of 354719446?
2, 59, 367, 8191
What are the prime factors of 287930116?
2, 1511, 47639
What are the prime factors of 5205241387?
19, 41, 6681953
What are the prime factors of 1921325560?
2, 5, 7, 11, 59, 97, 109
What are the prime factors of 29254768?
2, 1828423
List the prime factors of 423615753.
3, 11, 4278947
List the prime factors of 141162872.
2, 17645359
List the prime factors of 528518220.
2, 3, 5, 419, 21023
List the prime factors of 160109696.
2, 29, 43133
List the prime factors of 569083280.
2, 5, 41, 173501
What are the prime factors of 1582741115?
5, 31, 2671, 3823
List the prime factors of 1989392849.
307, 6480107
List the prime factors of 2878942523.
137, 21014179
What are the prime factors of 17995634?
2, 97, 92761
What are the prime factors of 1691384150?
2, 5, 97, 348739
List the prime factors of 1832359942.
2, 7, 239, 547627
List the prime factors of 38942717.
11, 3540247
List the prime factors of 41926151.
41926151
List the prime factors of 77482708.
2, 1061, 18257
What are the prime factors of 3823770643?
7, 11, 49659359
List the prime factors of 160193167.
160193167
List the prime factors of 1825726114.
2, 2593, 352049
List the prime factors of 311273754.
2, 3, 11, 4716269
List the prime factors of 16145951.
16145951
List the prime factors of 3744451.
29, 129119
What are the prime factors of 43895104?
2, 11, 62351
What are the prime factors of 299773?
29, 10337
List the prime factors of 92180701.
31, 1321, 2251
List the prime factors of 43660494.
2, 3, 107, 22669
List the prime factors of 626972825.
5, 25078913
What are the prime factors of 87799741?
19, 227, 20357
What are the prime factors of 35227293?
3, 37, 317363
What are the prime factors of 385620652?
2, 96405163
List the prime factors of 28920464.
2, 1129, 1601
List the prime factors of 71178596.
2, 17794649
What are the prime factors of 329266925?
5, 13, 77933
List the prime factors of 61760185.
5, 12352037
What are the prime factors of 1155414749?
179, 331, 19501
List the prime factors of 3656782477.
3656782477
List the prime factors of 3611358808.
2, 103, 499, 8783
List the prime factors of 142292267.
13, 10945559
List the prime factors of 578481347.
37, 641, 24391
List the prime factors of 2481768770.
2, 5, 13, 23, 179, 4637
List the prime factors of 53703797.
7, 7671971
List the prime factors of 470284796.
2, 117571199
What are the prime factors of 26724285?
3, 5, 7, 43, 1973
What are the prime factors of 1392855760?
2, 5, 17410697
List the prime factors of 76702601.
19, 79, 137, 373
List the prime factors of 1584085588.
2, 37, 10703281
What are the prime factors of 34915184?
2, 2182199
What are the prime factors of 273051569?
7, 17, 163, 2011
What are the prime factors of 410072457?
3, 136690819
List the prime factors of 9378539023.
7, 19, 1259, 56009
What are the prime factors of 57297357?
3, 13, 79, 6199
List the prime factors of 132965426.
2, 11, 6043883
What are the prime factors of 164855344?
2, 487, 21157
List the prime factors of 1073320097.
18787, 57131
List the prime factors of 20832749.
7, 71, 167, 251
List the prime factors of 103276194.
2, 3, 7, 607, 4051
List the prime factors of 340301231.
2243, 151717
List the prime factors of 7879742.
2, 13, 37, 8191
List the prime factors of 215653304.
2, 26956663
What are the prime factors of 222661533?
3, 53, 1400387
List the prime factors of 3045801930.
2, 3, 5, 101526731
What are the prime factors of 4022450813?
1367, 2942539
List the prime factors of 238208034.
2, 3, 1447, 27437
List the prime factors of 53639213.
1069, 50177
What are the prime factors of 1874502799?
13, 661, 218143
What are the prime factors of 52265264?
2, 3266579
What are the prime factors of 1852506612?
2, 3, 11, 19, 829
List the prime factors of 2533726.
2, 13, 19, 23, 223
What are the prime factors of 27434041?
47, 163, 3581
What are the prime factors of 612340930?
2, 5, 19, 3222847
List the prime factors of 1875316677.
3, 13, 241, 199523
What are the prime factors of 1425480790?
2, 5, 29, 4915451
List the prime factors of 765806245.
5, 153161249
What are the prime factors of 4005118760?
2, 5, 100127969
What are the prime factors of 19718037?
3, 43, 50951
What are the prime factors of 116277538?
2, 13, 4472213
What are the prime factors of 687071030?
2, 5, 41, 491, 3413
What are the prime factors of 348106337?
8839, 39383
What are the prime factors of 3748269333?
3, 131, 9537581
List the prime factors of 317149032.
2, 3, 53, 167, 1493
What are the prime factors of 5035699036?
2, 23879, 52721
List the prime factors of 148164394.
2, 7, 19, 653, 853
What are the prime factors of 1147290114?
2, 3, 191215019
List the prime factors of 640285453.
640285453
What are the prime factors of 2237809087?
73, 30654919
What are the prime factors of 55658352?
2, 3, 61, 19009
What are the prime factors of 35924480?
2, 5, 14033
List the prime factors of 6516794505.
3, 5, 13, 33419459
What are the prime factors of 697912496?
2, 41, 1063891
What are the prime factors of 63015075?
3, 5, 229, 1223
What are the prime factors of 612436349?
7, 12498701
What are the prime factors of 270232350?
2, 3, 5, 1801549
What are the prime factors of 31470161?
113, 2784